{"id":154,"date":"2016-06-07T10:59:46","date_gmt":"2016-06-07T08:59:46","guid":{"rendered":"https:\/\/cravo.org\/?page_id=154"},"modified":"2020-11-11T09:29:46","modified_gmt":"2020-11-11T08:29:46","slug":"la-vie-du-laboratoire","status":"publish","type":"page","link":"https:\/\/cravo.org\/?page_id=154","title":{"rendered":"La vie du laboratoire"},"content":{"rendered":"\n<p>Depuis sa cr\u00e9ation, le Centre de Recherche Arch\u00e9ologique de la Vall\u00e9e de l\u2019Oise organise et participe \u00e0 de nombreux&nbsp;\u00e9v\u00e9nements associatifs, tout au long de l\u2019ann\u00e9e.&nbsp;Au fil des d\u00e9cennies, des rendez-vous scientifiques ont vu le jour, gr\u00e2ce aux nombreux b\u00e9n\u00e9voles de l\u2019association. Venez les d\u00e9couvrir dans la rubrique \u00ab&nbsp;les activit\u00e9s scientifiques&nbsp;\u00bb!<\/p>\n\n\n\n<p>En parall\u00e8le, les membres du CRAVO ont toujours particip\u00e9 aux activit\u00e9s de m\u00e9diation de l\u2019arch\u00e9ologie lors des manifestations culturelles nationales et europ\u00e9ennes&nbsp;(journ\u00e9es des associations, journ\u00e9es nationales de l\u2019arch\u00e9ologie, journ\u00e9es europ\u00e9ennes du patrimoine\u2026). Vous retrouverez quelques documents d\u2019archives dans la rubrique \u00ab&nbsp;m\u00e9diation&nbsp;\u00bb.<\/p>\n\n\n\n<p>Depuis plusieurs ann\u00e9es, les membres de l\u2019association assurent une activit\u00e9 p\u00e9dagogique r\u00e9guli\u00e8re aupr\u00e8s des jeunes publics compi\u00e9gnois. Pour plus d\u2019informations \u00e0 ce sujet, consultez le point \u00ab&nbsp;p\u00e9dagogie&nbsp;\u00bb du menu de la vie du laboratoire.<\/p>\n\n\n\n<h2 class=\"has-text-color wp-block-heading\" style=\"color:#1a6809\">Les activit\u00e9s scientifiques<\/h2>\n\n\n\n<h2 class=\"has-text-color wp-block-heading\" style=\"color:#1a6809\">M\u00e9diation<\/h2>\n\n\n\n<h2 class=\"has-text-color wp-block-heading\" style=\"color:#1a6809\">P\u00e9dagogie<\/h2>\n\n\n\n<h5 class=\"wp-block-heading\">Photos de l&rsquo;atelier organis\u00e9 pour les enfants dans le cadre des journ\u00e9es nationales de l&rsquo;arch\u00e9ologie de 2016<\/h5>\n\n\n\n<div id='gallery-1' class='gallery galleryid-154 gallery-columns-3 gallery-size-thumbnail'><figure class='gallery-item'>\n\t\t\t<div class='gallery-icon landscape'>\n\t\t\t\t<a href='https:\/\/cravo.org\/?attachment_id=288'><img loading=\"lazy\" decoding=\"async\" width=\"150\" height=\"150\" src=\"https:\/\/cravo.org\/wp-content\/uploads\/2016\/06\/photos-journ\u00e9es-arch\u00e9o-2016-004-150x150.jpg\" class=\"attachment-thumbnail size-thumbnail\" alt=\"\" sizes=\"auto, 100vw\" \/><\/a>\n\t\t\t<\/div><\/figure><figure class='gallery-item'>\n\t\t\t<div class='gallery-icon landscape'>\n\t\t\t\t<a href='https:\/\/cravo.org\/?attachment_id=287'><img loading=\"lazy\" decoding=\"async\" width=\"150\" height=\"150\" src=\"https:\/\/cravo.org\/wp-content\/uploads\/2016\/06\/photos-journ\u00e9es-arch\u00e9o-2016-001-150x150.jpg\" class=\"attachment-thumbnail size-thumbnail\" alt=\"\" sizes=\"auto, 100vw\" \/><\/a>\n\t\t\t<\/div><\/figure><figure class='gallery-item'>\n\t\t\t<div class='gallery-icon landscape'>\n\t\t\t\t<a href='https:\/\/cravo.org\/?attachment_id=290'><img loading=\"lazy\" decoding=\"async\" width=\"150\" height=\"150\" src=\"https:\/\/cravo.org\/wp-content\/uploads\/2016\/06\/photos-journ\u00e9es-arch\u00e9o-2016-010-150x150.jpg\" class=\"attachment-thumbnail size-thumbnail\" alt=\"\" sizes=\"auto, 100vw\" \/><\/a>\n\t\t\t<\/div><\/figure><figure class='gallery-item'>\n\t\t\t<div class='gallery-icon landscape'>\n\t\t\t\t<a href='https:\/\/cravo.org\/?attachment_id=289'><img loading=\"lazy\" decoding=\"async\" width=\"150\" height=\"150\" src=\"https:\/\/cravo.org\/wp-content\/uploads\/2016\/06\/photos-journ\u00e9es-arch\u00e9o-2016-009-150x150.jpg\" class=\"attachment-thumbnail size-thumbnail\" alt=\"\" sizes=\"auto, 100vw\" \/><\/a>\n\t\t\t<\/div><\/figure>\n\t\t<\/div>\n\n","protected":false},"excerpt":{"rendered":"<p>Depuis sa cr\u00e9ation, le Centre de Recherche Arch\u00e9ologique de la Vall\u00e9e de l\u2019Oise organise et participe \u00e0 de nombreux&nbsp;\u00e9v\u00e9nements associatifs, tout au long de l\u2019ann\u00e9e.&nbsp;Au fil des d\u00e9cennies, des rendez-vous scientifiques ont vu le jour, gr\u00e2ce aux nombreux b\u00e9n\u00e9voles de l\u2019association. Venez les d\u00e9couvrir dans la rubrique \u00ab&nbsp;les activit\u00e9s scientifiques&nbsp;\u00bb! En parall\u00e8le, les membres du &hellip; <\/p>\n<p class=\"link-more\"><a href=\"https:\/\/cravo.org\/?page_id=154\" class=\"more-link\">Continuer la lecture<span class=\"screen-reader-text\"> de &laquo;&nbsp;La vie du laboratoire&nbsp;&raquo;<\/span><\/a><\/p>\n","protected":false},"author":1,"featured_media":0,"parent":0,"menu_order":0,"comment_status":"closed","ping_status":"closed","template":"","meta":{"_monsterinsights_skip_tracking":false,"_monsterinsights_sitenote_active":false,"_monsterinsights_sitenote_note":"","_monsterinsights_sitenote_category":0,"footnotes":""},"class_list":["post-154","page","type-page","status-publish","hentry"],"aioseo_notices":[],"_links":{"self":[{"href":"https:\/\/cravo.org\/index.php?rest_route=\/wp\/v2\/pages\/154","targetHints":{"allow":["GET"]}}],"collection":[{"href":"https:\/\/cravo.org\/index.php?rest_route=\/wp\/v2\/pages"}],"about":[{"href":"https:\/\/cravo.org\/index.php?rest_route=\/wp\/v2\/types\/page"}],"author":[{"embeddable":true,"href":"https:\/\/cravo.org\/index.php?rest_route=\/wp\/v2\/users\/1"}],"replies":[{"embeddable":true,"href":"https:\/\/cravo.org\/index.php?rest_route=%2Fwp%2Fv2%2Fcomments&post=154"}],"version-history":[{"count":10,"href":"https:\/\/cravo.org\/index.php?rest_route=\/wp\/v2\/pages\/154\/revisions"}],"predecessor-version":[{"id":378,"href":"https:\/\/cravo.org\/index.php?rest_route=\/wp\/v2\/pages\/154\/revisions\/378"}],"wp:attachment":[{"href":"https:\/\/cravo.org\/index.php?rest_route=%2Fwp%2Fv2%2Fmedia&parent=154"}],"curies":[{"name":"wp","href":"https:\/\/api.w.org\/{rel}","templated":true}]}}

<p>Depuis sa création, le Centre de Recherche Archéologique de la Vallée de l’Oise organise et participe à de nombreux&nbsp;événements associatifs, tout au long de l’année.&nbsp;Au fil des décennies, des rendez-vous scientifiques ont vu le jour, grâce aux nombreux bénévoles de l’association. Venez les découvrir dans la rubrique «&nbsp;les activités scientifiques&nbsp;»!</p>



<p>En parallèle, les membres du CRAVO ont toujours participé aux activités de médiation de l’archéologie lors des manifestations culturelles nationales et européennes&nbsp;(journées des associations, journées nationales de l’archéologie, journées européennes du patrimoine…). Vous retrouverez quelques documents d’archives dans la rubrique «&nbsp;médiation&nbsp;».</p>



<p>Depuis plusieurs années, les membres de l’association assurent une activité pédagogique régulière auprès des jeunes publics compiégnois. Pour plus d’informations à ce sujet, consultez le point «&nbsp;pédagogie&nbsp;» du menu de la vie du laboratoire.</p>



<h2 class="has-text-color wp-block-heading" style="color:#1a6809">Les activités scientifiques</h2>



<h2 class="has-text-color wp-block-heading" style="color:#1a6809">Médiation</h2>



<h2 class="has-text-color wp-block-heading" style="color:#1a6809">Pédagogie</h2>



<h5 class="wp-block-heading">Photos de l&rsquo;atelier organisé pour les enfants dans le cadre des journées nationales de l&rsquo;archéologie de 2016</h5>



<div id='gallery-1' class='gallery galleryid-154 gallery-columns-3 gallery-size-thumbnail'><figure class='gallery-item'>
			<div class='gallery-icon landscape'>
				<a href='https://cravo.org/?attachment_id=288'><img loading="lazy" decoding="async" width="150" height="150" src="https://cravo.org/wp-content/uploads/2016/06/photos-journées-archéo-2016-004-150x150.jpg" class="attachment-thumbnail size-thumbnail" alt="" sizes="auto, 100vw" /></a>
			</div></figure><figure class='gallery-item'>
			<div class='gallery-icon landscape'>
				<a href='https://cravo.org/?attachment_id=287'><img loading="lazy" decoding="async" width="150" height="150" src="https://cravo.org/wp-content/uploads/2016/06/photos-journées-archéo-2016-001-150x150.jpg" class="attachment-thumbnail size-thumbnail" alt="" sizes="auto, 100vw" /></a>
			</div></figure><figure class='gallery-item'>
			<div class='gallery-icon landscape'>
				<a href='https://cravo.org/?attachment_id=290'><img loading="lazy" decoding="async" width="150" height="150" src="https://cravo.org/wp-content/uploads/2016/06/photos-journées-archéo-2016-010-150x150.jpg" class="attachment-thumbnail size-thumbnail" alt="" sizes="auto, 100vw" /></a>
			</div></figure><figure class='gallery-item'>
			<div class='gallery-icon landscape'>
				<a href='https://cravo.org/?attachment_id=289'><img loading="lazy" decoding="async" width="150" height="150" src="https://cravo.org/wp-content/uploads/2016/06/photos-journées-archéo-2016-009-150x150.jpg" class="attachment-thumbnail size-thumbnail" alt="" sizes="auto, 100vw" /></a>
			</div></figure>
		</div>

<p>Depuis sa création, le Centre de Recherche Archéologique de la Vallée de l’Oise organise et participe à de nombreux&nbsp;événements associatifs, tout au long de l’année.&nbsp;Au fil des décennies, des rendez-vous scientifiques ont vu le jour, grâce aux nombreux bénévoles de l’association. Venez les découvrir dans la rubrique «&nbsp;les activités scientifiques&nbsp;»! En parallèle, les membres du &hellip; </p>
<p class="link-more"><a href="https://cravo.org/?page_id=154" class="more-link">Continuer la lecture<span class="screen-reader-text"> de &laquo;&nbsp;La vie du laboratoire&nbsp;&raquo;</span></a></p>
