{"id":111,"date":"2016-05-22T16:21:22","date_gmt":"2016-05-22T14:21:22","guid":{"rendered":"https:\/\/cravo.org\/?page_id=111"},"modified":"2024-12-05T15:41:59","modified_gmt":"2024-12-05T14:41:59","slug":"contacts","status":"publish","type":"page","link":"https:\/\/cravo.org\/?page_id=111","title":{"rendered":"Contacts"},"content":{"rendered":"\n<div class=\"wp-block-columns is-layout-flex wp-container-core-columns-is-layout-1 wp-block-columns-is-layout-flex\">\n<div class=\"wp-block-column is-layout-flow wp-block-column-is-layout-flow\">\n<figure class=\"wp-block-image size-large\"><img loading=\"lazy\" decoding=\"async\" width=\"504\" height=\"493\" src=\"https:\/\/cravo.org\/wp-content\/uploads\/2016\/05\/plan-acc\u00e8s.bmp\" alt=\"\" class=\"wp-image-112\"\/><\/figure>\n<\/div>\n\n\n\n<div class=\"wp-block-column is-layout-flow wp-block-column-is-layout-flow\">\n<p>Nous Contacter :<\/p>\n\n\n\n<p>Mail : <a href=\"mailto:cravolac@free.fr\">cravolac@free.fr<\/a><br>T\u00e9l\u00e9phone : 03.44.23.28.10<br><a href=\"https:\/\/www.facebook.com\/CRAVO-Centre-de-Recherche-Arch%C3%A9ologique-de-la-Vall%C3%A9e-de-lOise-1593700944290841\/?fref=ts\" data-type=\"URL\" data-id=\"https:\/\/www.facebook.com\/CRAVO-Centre-de-Recherche-Arch%C3%A9ologique-de-la-Vall%C3%A9e-de-lOise-1593700944290841\/?fref=ts\" target=\"_blank\" rel=\"noreferrer noopener\">Facebook<\/a><\/p>\n\n\n\n<p>Adresse :<br>17 rue James de Rothschild, 60200 Compi\u00e8gne<\/p>\n\n\n\n<p>\u00c0 dix minutes de la gare SNCF, le CRAVO se situe dans le centre d\u2019\u00e9tude et d\u2019exposition Antoine Vivenel, sur les rives de l\u2019Oise, \u00e0 proximit\u00e9 du Pont Neuf, du parc de Songeons et du mus\u00e9e Antoine Vivenel.<\/p>\n<\/div>\n\n\n\n<div class=\"wp-block-column is-layout-flow wp-block-column-is-layout-flow\">\n<figure class=\"wp-block-image size-large\"><img loading=\"lazy\" decoding=\"async\" width=\"320\" height=\"448\" src=\"https:\/\/cravo.org\/wp-content\/uploads\/2016\/05\/compi\u00e8gne-ma-ville-1.jpg\" alt=\"\" class=\"wp-image-181\" srcset=\"https:\/\/cravo.org\/wp-content\/uploads\/2016\/05\/compi\u00e8gne-ma-ville-1.jpg 320w, https:\/\/cravo.org\/wp-content\/uploads\/2016\/05\/compi\u00e8gne-ma-ville-1-214x300.jpg 214w\" sizes=\"auto, (max-width: 320px) 100vw, 320px\" \/><\/figure>\n<\/div>\n<\/div>\n\n\n\n<ul class=\"wp-block-social-links is-layout-flex wp-block-social-links-is-layout-flex\"><li class=\"wp-social-link wp-social-link-facebook  wp-block-social-link\"><a href=\"https:\/\/www.facebook.com\/cravo.cravo.9\/\" class=\"wp-block-social-link-anchor\"><svg width=\"24\" height=\"24\" viewBox=\"0 0 24 24\" version=\"1.1\" xmlns=\"http:\/\/www.w3.org\/2000\/svg\" aria-hidden=\"true\" focusable=\"false\"><path d=\"M12 2C6.5 2 2 6.5 2 12c0 5 3.7 9.1 8.4 9.9v-7H7.9V12h2.5V9.8c0-2.5 1.5-3.9 3.8-3.9 1.1 0 2.2.2 2.2.2v2.5h-1.3c-1.2 0-1.6.8-1.6 1.6V12h2.8l-.4 2.9h-2.3v7C18.3 21.1 22 17 22 12c0-5.5-4.5-10-10-10z\"><\/path><\/svg><span class=\"wp-block-social-link-label screen-reader-text\">Facebook<\/span><\/a><\/li><\/ul>\n","protected":false},"excerpt":{"rendered":"<p>Nous Contacter : Mail : cravolac@free.frT\u00e9l\u00e9phone : 03.44.23.28.10Facebook Adresse :17 rue James de Rothschild, 60200 Compi\u00e8gne \u00c0 dix minutes de la gare SNCF, le CRAVO se situe dans le centre d\u2019\u00e9tude et d\u2019exposition Antoine Vivenel, sur les rives de l\u2019Oise, \u00e0 proximit\u00e9 du Pont Neuf, du parc de Songeons et du mus\u00e9e Antoine Vivenel.<\/p>\n","protected":false},"author":1,"featured_media":0,"parent":0,"menu_order":0,"comment_status":"closed","ping_status":"closed","template":"","meta":{"_monsterinsights_skip_tracking":false,"_monsterinsights_sitenote_active":false,"_monsterinsights_sitenote_note":"","_monsterinsights_sitenote_category":0,"footnotes":""},"class_list":["post-111","page","type-page","status-publish","hentry"],"aioseo_notices":[],"_links":{"self":[{"href":"https:\/\/cravo.org\/index.php?rest_route=\/wp\/v2\/pages\/111","targetHints":{"allow":["GET"]}}],"collection":[{"href":"https:\/\/cravo.org\/index.php?rest_route=\/wp\/v2\/pages"}],"about":[{"href":"https:\/\/cravo.org\/index.php?rest_route=\/wp\/v2\/types\/page"}],"author":[{"embeddable":true,"href":"https:\/\/cravo.org\/index.php?rest_route=\/wp\/v2\/users\/1"}],"replies":[{"embeddable":true,"href":"https:\/\/cravo.org\/index.php?rest_route=%2Fwp%2Fv2%2Fcomments&post=111"}],"version-history":[{"count":14,"href":"https:\/\/cravo.org\/index.php?rest_route=\/wp\/v2\/pages\/111\/revisions"}],"predecessor-version":[{"id":428,"href":"https:\/\/cravo.org\/index.php?rest_route=\/wp\/v2\/pages\/111\/revisions\/428"}],"wp:attachment":[{"href":"https:\/\/cravo.org\/index.php?rest_route=%2Fwp%2Fv2%2Fmedia&parent=111"}],"curies":[{"name":"wp","href":"https:\/\/api.w.org\/{rel}","templated":true}]}}